16))/((-17)/3876)?
7
Suppose -120 = 2*o - 12*f + 11*f, 3*f = -o - 46. What is the hundreds digit of (1 - o)*(16/1 + -5)?
6
Suppose 0*b - 4*r - 15716 = -2*b, 4*b - 31402 = -2*r. What is the hundreds digit of b?
8
Suppose -2*w - 17 - 20 = -5*h, w - h = -11. Suppose 37 = -8*u + 9*u. Let r = w + u. What is the tens digit of r?
3
Suppose t - 3*t = 10*t. Let a(v) = 2*v**2 + 4*v + 88. What is the units digit of a(t)?
8
Let f(q) = -q**2 + 19*q - 2 - 7 - 7. Let u be f(20). What is the units digit of 10/45 + (-1684)/u?
7
Let s be 11/22 - (-11)/2. Suppose 1955 = 5*b + s*h - h, -2*b + 5*h = -761. Suppose -2*j + 185 + 2 = 5*k, -4*j = -4*k - b. What is the tens digit of j?
9
Suppose 9146 - 74497 - 34137 = -8*j. What is the hundreds digit of j?
4
Let r(i) = -i**3 + 50*i**2 - 23*i + 182. What is the hundreds digit of r(39)?
0
Let l = 22465 - -28980. What is the units digit of l?
5
Suppose 517408 = 22*w + w. Suppose -19*p - 7410 = -w. What is the units digit of p?
4
Let n(a) = -a**2 - 16*a - 10. Let x be n(-15). Suppose x = 3*g + k, -4*g + 2*k + k - 2 = 0. What is the units digit of -3 - -22 - -1 - g/(-1)?
1
Suppose 64*g + 829121 - 2222465 = 0. What is the hundreds digit of g?
7
Let x(j) = -126*j**3 - 4*j**2 - 8*j - 4. Let f be x(-2). Let y = f + -351. What is the tens digit of y?
5
Suppose -v = 0, 31*v = -3*a + 30*v + 144168. What is the hundreds digit of a?
0
Let p = 26 - 19. Suppose -5*v = 3*t - 8, 0 = 2*v - 2*t + p*t - 7. What is the units digit of 7/v - -2*2?
1
Suppose -2*x + 2228 = 932. Suppose 0 = -27*k + 24*k + x. Suppose 0 = 2*j + 4*o - k, 0 = j - 5*j + o + 396. What is the units digit of j?
0
Suppose 32*g - 5*g = -162. Let o(p) = 25*p**2 - 7*p + 12. What is the hundreds digit of o(g)?
9
Let k(b) = -20*b**3 + 13*b**2 + 48*b + 20. What is the hundreds digit of k(-8)?
7
Let j(z) = z**3 - 81*z**2 - 195*z - 96. What is the thousands digit of j(84)?
4
Suppose -3*g + 4 + 3 = -m, -g = 5*m - 29. What is the hundreds digit of -68*-4*4/g?
2
What is the tens digit of 2105*(-4 + -1 + (13 - -4))?
6
What is the units digit of 40364/18 + (-128)/288?
2
Let c(i) = 539*i**2 - 38*i + 159. What is the units digit of c(4)?
1
Suppose 4*u + 4*z - 22612 = 0, 0 = 2*u + 4*z - 6090 - 5216. What is the tens digit of u?
5
Let g = 7908 - 4432. What is the hundreds digit of g?
4
Suppose -2*i + 2 + 0 = 0. Let l be i + 6 - (18 + -15). Suppose -335 = -l*g + 3*w, -w + 442 = 5*g + 3*w. What is the tens digit of g?
8
Suppose 889*y - 15660 = 883*y. What is the tens digit of y?
1
Suppose -3*s = -5*b - 6*s + 1485, 0 = 4*s. Suppose -b = 3*x - 3*g, 117 = -x + 2*g - 7*g. Let t = 266 + x. What is the units digit of t?
4
Let v be (-7368)/(-20) - 6/(-10). Let w(d) = -d**2 - 4*d + 1. Let y be w(-2). Suppose -631 = -y*s + v. What is the tens digit of s?
0
Suppose -5*h + 2*o + 48 = 0, -5*o + 9*o + 8 = -h. Suppose 11 - h = t. Suppose -a = -5*u + 1234, 0*u + a = t*u - 742. What is the tens digit of u?
4
Let h be 1964/(-2 + 3) - (-16)/8. Suppose 2*n = 3*z + 1978, -57*n + h = -55*n + 3*z. What is the tens digit of n?
8
Let s(v) = 17*v - 44. Let z be s(40). Suppose -3*t - z = -1782. What is the tens digit of t?
8
Suppose -14 = 3*s - 5*m, -s + 30 = 4*s + 5*m. Suppose 293 = 2*o + 2*o + 5*n, -4*o = s*n - 302. Let l = 18 + o. What is the units digit of l?
5
Let q = -21018 - -32437. What is the hundreds digit of q?
4
Suppose 0 = 5*x + 3*m - 15043, 5*x - 14995 = 20*m - 15*m. What is the tens digit of x?
0
Let i = 41 + -37. Suppose -3*c = i*c - 490. Let z = c - 44. What is the tens digit of z?
2
Let l = -80 - -83. Suppose -l*d = -4*h + 1129, -366 + 1480 = 4*h + 2*d. What is the hundreds digit of h?
2
What is the hundreds digit of 36207 + (19/((-171)/18) - 2)?
2
Let p(i) = 14*i**3 - 105*i + 108. What is the thousands digit of p(16)?
5
What is the units digit of (19/4 - 1)/((-35)/((-4930800)/45))?
0
Let t(z) = -z**3 - 26*z**2 - 31*z + 59. Let j be t(-25). Let c = -494 + j. Let m = 516 + c. What is the units digit of m?
1
What is the thousands digit of 2 - 4 - ((-60)/40)/(6/125344)?
1
Suppose -p = 3*p - 336. Let z = p + -80. Suppose -n = z*n - 910. What is the tens digit of n?
8
Let y be (2/8)/((-9)/(-72)). Suppose -2*j = y*j - 84. Suppose 3*g + m - 6 = j, -5*g + 4*m = -45. What is the units digit of g?
9
Let r(q) = 175*q + 62. Suppose 4*k - 4*v - 4 = 0, 1 = -4*k + 3*v + 6. What is the tens digit of r(k)?
1
Suppose 3*f - 5*y = 31, -5*f + 8 = -6*f - 2*y. Suppose -f*u = 278 - 968. What is the hundreds digit of u?
3
Let h = -3443 - -21202. What is the units digit of h?
9
Let w = -17 - -15. Let s(p) = -308*p + 7. Let o be s(-1). What is the units digit of (-8)/w + 5 + o/3?
4
Let b = -23 + -19. What is the hundreds digit of (-18)/b - 7172/(-7)?
0
Let r(n) = -6*n - 22. Let h(x) = 7*x + 23. Let p(c) = 2*h(c) + 3*r(c). Let j be p(-5). Suppose j*v + 2*v = 92. What is the tens digit of v?
4
What is the tens digit of (1416/10)/(-8 - ((-5056)/280 - -10))?
7
Suppose -160*o - 176718 - 142746 = -241*o. What is the tens digit of o?
4
Let u(r) = -r**3 - 14*r**2 - 17. Let g be u(-14). Let q = -17 - g. Suppose q = 8*s - 49 - 15. What is the units digit of s?
8
Suppose 8*f - 256 = 224. Suppose 51*g = f*g - 567. What is the tens digit of g?
6
Let b = 9939 + -417. What is the tens digit of b?
2
Suppose -j + 5*y = -17 - 11, -5*j = -2*y - 25. Suppose 3*s = -5*x + 2794 - 631, -1297 = -j*x - s. What is the units digit of x?
2
Let c = 21 + -29. Let f = -861 - -1039. What is the units digit of (-11 - c)/((-6)/f)?
9
Let k = -63 - -112. Suppose 3*n = 4*a - 2857, -k*a - n = -52*a + 2139. What is the hundreds digit of a?
7
Suppose 1415 = 5*y - 4*s, -849 = -3*y + 3*s - 0*s. Let d = -144 + y. Suppose 5*a - d - 246 = 0. What is the tens digit of a?
7
Let t = -875 + 1695. Suppose -4*q = 2*m - t, -5*m = -9*q + 7*q - 2062. What is the hundreds digit of m?
4
Suppose -67*d + 35*d - 305*d = -10613815. What is the tens digit of d?
9
Let g be 2/(-8)*(0 - 8). Suppose -g*o = -3*o + 345. Suppose -o + 995 = 10*c. What is the units digit of c?
5
Let w(s) = 15*s + 23. Let q be w(-9). What is the hundreds digit of 5/(5/322) - q/28?
3
Let l(k) = -55*k**2 - 5*k - 8. Let h(s) = 28*s**2 + 3*s + 4. Let w(j) = -5*h(j) - 3*l(j). Suppose 0 = -4*f + 1 - 9. What is the units digit of w(f)?
4
Suppose -110*a + 5*a - 121*a + 17571726 = 0. What is the hundreds digit of a?
7
Suppose 5*z + l - 3462 = 135, 4*z + 4*l = 2868. Suppose 5*t = 2435 - z. Suppose 0 = 3*p + 4*p - t. What is the tens digit of p?
4
Let j(g) = -17*g**2 + 7*g + 12. Let z(h) = 26*h**2 - 11*h - 18. Let o(b) = 7*j(b) + 5*z(b). Suppose 8 = 18*p + 62. What is the hundreds digit of o(p)?
1
Let y(r) = 337*r**2 - 200*r + 774. What is the hundreds digit of y(4)?
3
Suppose -122*n + 106*n + 35475 = -4765. What is the tens digit of n?
1
Let w be ((-1 - -4)*-1 - -21) + -4. Suppose -o + w = 9. Let v(n) = -n**2 + 6*n + 11. What is the units digit of v(o)?
6
Let w = -1800 - -3192. Suppose -2*n + 4*t + 544 = 0, 5*n - 3*t + t - w = 0. What is the hundreds digit of n?
2
Suppose 3*i + 4*g - 20 = -2*i, 29 = 3*i - g. What is the hundreds digit of 2*(-292)/i*-3?
2
Let j(x) = x**2 - 27*x - 41. Let i be j(29). Let w(s) = 33*s + 159. What is the hundreds digit of w(i)?
7
Suppose a + 83 = -3*g - 135, -2*g - 4*a - 162 = 0. Let p = -38 - g. Let o = p + 93. What is the units digit of o?
6
Let s = 7049 - 6676. What is the units digit of s?
3
Let b(a) = -66*a - 9. Let l be b(5). What is the tens digit of -3 - (10/(-2) + l)?
4
Suppose 2*y + 100*r - 1640 = 99*r, -3*r - 3280 = -4*y. What is the hundreds digit of y?
8
Suppose -400 = 4*v + 84. Let k = -71 - v. What is the tens digit of -2 - k/(3 + -4)?
4
Let o = -2494 - -1427. Let a = o + -128. What is the tens digit of (-2)/3 + a/(-15)?
7
Suppose -90*u + 463548 + 1319532 = 0. What is the tens digit of u?
1
Let r = 197236 - 140606. What is the thousands digit of r?
6
Let o(c) = 15*c**3 - 7*c**2 + 3*c + 6. Let j be o(4). Suppose j = 3*w - 367. What is the units digit of w?
1
Let z = 3653 - 2351. Suppose -3*y + z = -3*u, 48*y - 49*y + 2*u = -432. What is the units digit of y?
6
Let z(f) = -13*f - 52. Let x(b) = -3*b - 13. Let u(y) = 18*x(y) - 4*z(y). Let h be u(-11). What is the units digit of (h/5)/(6/(-735))?
8
Let k = -158 - -166. Suppose 0 = -k*o - 4*o + 9576. What is the hundreds digit o